{"id":138,"date":"2013-10-22T03:47:44","date_gmt":"2013-10-22T01:47:44","guid":{"rendered":"http:\/\/floni.eu\/?page_id=138"},"modified":"2023-10-20T14:03:27","modified_gmt":"2023-10-20T12:03:27","slug":"fotoalbum-2","status":"publish","type":"page","link":"https:\/\/weltreise.floni.eu\/?page_id=138","title":{"rendered":"Fotoalbum"},"content":{"rendered":"<p>Hier eine Auswahl unserer Fotos, die ich nach und nach erg\u00e4nzen werde. Das Hochladen dauert allerdings immer eine Weile, deshalb geht das nur, wenn ich gen\u00fcgend Zeit finde. Die einzelnen Stationen findet ihr im Untermen\u00fc dieser Seite.<\/p>\n<ul>\n<li><a title=\"01. Salvador de Bahia\" href=\"https:\/\/weltreise.floni.eu\/?page_id=140\"> 01. Salvador de Bahia <\/a><\/li>\n<li><a title=\"02. Rio de Janeiro\" href=\"https:\/\/weltreise.floni.eu\/?page_id=167\"> 02. Rio de Janeiro <\/a><\/li>\n<li><a href=\"https:\/\/weltreise.floni.eu\/?page_id=191\">03. Foz do Iguacu<\/a><\/li>\n<li><a title=\"04. Lima\" href=\"https:\/\/weltreise.floni.eu\/?page_id=256\"> 04. Lima <\/a><\/li>\n<li><a title=\"05. Copacabana und Isla del sol (Sonneninsel)\" href=\"https:\/\/weltreise.floni.eu\/?page_id=274\"> 05. Copacabana und Isla del sol (Sonneninsel) <\/a><\/li>\n<li><a title=\"06. La Paz und Valle de la luna (Mondtal)\" href=\"https:\/\/weltreise.floni.eu\/?page_id=297\"> 06. La Paz und Valle de la luna (Mondtal) <\/a><\/li>\n<li><a title=\"07. Santiago de Chile\" href=\"https:\/\/weltreise.floni.eu\/?page_id=323\"> 07. Santiago de Chile <\/a><\/li>\n<li><a title=\"08. Araukanien \u2013 Curacautin\" href=\"https:\/\/weltreise.floni.eu\/?page_id=366\"> 08. Araukanien \u2013 Curacautin <\/a><\/li>\n<li><a title=\"09. Araukanien \u2013 Pucon\" href=\"https:\/\/weltreise.floni.eu\/?page_id=397\"> 09. Araukanien \u2013 Pucon <\/a><\/li>\n<li><a title=\"10. Fiji\" href=\"https:\/\/weltreise.floni.eu\/?page_id=444\"> 10. Fiji <\/a><\/li>\n<li><a title=\"11. Auckland\" href=\"https:\/\/weltreise.floni.eu\/?page_id=471\"> 11. Auckland <\/a><\/li>\n<li><a title=\"12. Northland\" href=\"https:\/\/weltreise.floni.eu\/?page_id=489\"> 12. Northland <\/a><\/li>\n<li><a title=\"13. Hobbiton &amp; Wai-o-tapu Thermalpark\" href=\"https:\/\/weltreise.floni.eu\/?page_id=512\"> 13. Hobbiton &amp; Wai-o-tapu Thermalpark <\/a><\/li>\n<li><a title=\"14. Napier\" href=\"https:\/\/weltreise.floni.eu\/?page_id=549\"> 14. Napier <\/a><\/li>\n<li><a title=\"15. Tongariro Crossing\" href=\"https:\/\/weltreise.floni.eu\/?page_id=568\"> 15. Tongariro Crossing <\/a><\/li>\n<li><a title=\"16. Wellington\" href=\"https:\/\/weltreise.floni.eu\/?page_id=637\">16. Wellington<\/a><\/li>\n<li><a title=\"17. Kaikoura\" href=\"https:\/\/weltreise.floni.eu\/?page_id=659\">17. Kaikoura<\/a><\/li>\n<li><a title=\"18. Abel Tasman Nationalpark\" href=\"https:\/\/weltreise.floni.eu\/?page_id=703\"> 18. Abel Tasman Nationalpark<\/a><\/li>\n<li><a title=\"19. Pancake Rocks\" href=\"https:\/\/weltreise.floni.eu\/?page_id=722\"> 19. Pancake Rocks <\/a><\/li>\n<li><a title=\"20. Franz Josef Glacier und Fox Glacier\" href=\"https:\/\/weltreise.floni.eu\/?page_id=732\"> 20. Franz Josef Glacier und Fox Glacier <\/a><\/li>\n<li><a title=\"21. Otago-Halbinsel\" href=\"https:\/\/weltreise.floni.eu\/?page_id=746\"> 21. Otago-Halbinsel <\/a><\/li>\n<li><a title=\"22. Dunedin\" href=\"https:\/\/weltreise.floni.eu\/?page_id=759\"> 22. Dunedin <\/a><\/li>\n<li><a title=\"23. Moeraki Boulders\" href=\"https:\/\/weltreise.floni.eu\/?page_id=803\"> 23. Moeraki Boulders <\/a><\/li>\n<li><a title=\"24. Mount Cook, Lake Pukaki und Lake Tekapo\" href=\"https:\/\/weltreise.floni.eu\/?page_id=780\"> 24. Mount Cook, Lake Pukaki und Lake Tekapo <\/a><\/li>\n<li><a title=\"25. Sydney und Pebbly Beach\" href=\"https:\/\/weltreise.floni.eu\/?page_id=839\"> 25. Sydney und Pebbly Beach <\/a><\/li>\n<li><a title=\"26. Great Ocean Road\" href=\"https:\/\/weltreise.floni.eu\/?page_id=875\">26. Great Ocean Road<\/a><\/li>\n<li><a title=\"27. Otway Fly Treetop Walk\" href=\"https:\/\/weltreise.floni.eu\/?page_id=908\">27. Otway Fly Treetop Walk<\/a><\/li>\n<li><a title=\"28. Australien \u2013 Landschaften\" href=\"https:\/\/weltreise.floni.eu\/?page_id=936\">28. Australien \u2013 Landschaften<\/a><\/li>\n<li><a title=\"29. Australien \u2013 Tiere\" href=\"https:\/\/weltreise.floni.eu\/?page_id=948\">29. Australien \u2013 Tiere<\/a><\/li>\n<li><a title=\"30. Sydney\" href=\"https:\/\/weltreise.floni.eu\/?page_id=1002\">30. Sydney<\/a><\/li>\n<li><a title=\"31. Hanoi\" href=\"https:\/\/weltreise.floni.eu\/?page_id=1050\">31. Hanoi<\/a><\/li>\n<li><a title=\"32. Parf\u00fcmpagode\" href=\"https:\/\/weltreise.floni.eu\/?page_id=1079\">32. Parf\u00fcmpagode<\/a><\/li>\n<li><a title=\"33. Ha Long Bucht\" href=\"https:\/\/weltreise.floni.eu\/?page_id=1095\">33. Ha Long Bucht<\/a><\/li>\n<li><a title=\"34. Hue \u2013 Alte Kaiserstadt\" href=\"https:\/\/weltreise.floni.eu\/?page_id=1125\">34. Hue \u2013 Alte Kaiserstadt<\/a><\/li>\n<li><a title=\"35. Hoi An\" href=\"https:\/\/weltreise.floni.eu\/?page_id=1152\">35. Hoi An<\/a><\/li>\n<li><a title=\"36. Mui Ne\" href=\"https:\/\/weltreise.floni.eu\/?page_id=1184\">36. Mui Ne<\/a><\/li>\n<li><a title=\"37. Mekongdelta\" href=\"https:\/\/weltreise.floni.eu\/?page_id=1229\">37. Mekongdelta<\/a><\/li>\n<li><a title=\"38. Angkor \u2013 Tag 1 und 2 (kleine Tempel)\" href=\"https:\/\/weltreise.floni.eu\/?page_id=1256\">38. Angkor \u2013 Tag 1 und 2 (kleine Tempel)<\/a><\/li>\n<li><a title=\"39. Angkor \u2013 Tag 3 (Ta Prohm, Angkor Thom, Angkor Wat)\" href=\"https:\/\/weltreise.floni.eu\/?page_id=1279\">39. Angkor \u2013 Tag 3 (Ta Prohm, Angkor Thom, Angkor Wat)<\/a><\/li>\n<\/ul>\n","protected":false},"excerpt":{"rendered":"<p>Hier eine Auswahl unserer Fotos, die ich nach und nach erg\u00e4nzen werde. Das Hochladen dauert allerdings immer eine Weile, deshalb geht das nur, wenn ich gen\u00fcgend Zeit finde. Die einzelnen Stationen findet ihr im Untermen\u00fc dieser Seite. 01. Salvador de &hellip; <a href=\"https:\/\/weltreise.floni.eu\/?page_id=138\">Weiterlesen <span class=\"meta-nav\">&rarr;<\/span><\/a><\/p>\n","protected":false},"author":2,"featured_media":0,"parent":0,"menu_order":0,"comment_status":"open","ping_status":"open","template":"","meta":{"footnotes":""},"_links":{"self":[{"href":"https:\/\/weltreise.floni.eu\/index.php?rest_route=\/wp\/v2\/pages\/138"}],"collection":[{"href":"https:\/\/weltreise.floni.eu\/index.php?rest_route=\/wp\/v2\/pages"}],"about":[{"href":"https:\/\/weltreise.floni.eu\/index.php?rest_route=\/wp\/v2\/types\/page"}],"author":[{"embeddable":true,"href":"https:\/\/weltreise.floni.eu\/index.php?rest_route=\/wp\/v2\/users\/2"}],"replies":[{"embeddable":true,"href":"https:\/\/weltreise.floni.eu\/index.php?rest_route=%2Fwp%2Fv2%2Fcomments&post=138"}],"version-history":[{"count":27,"href":"https:\/\/weltreise.floni.eu\/index.php?rest_route=\/wp\/v2\/pages\/138\/revisions"}],"predecessor-version":[{"id":1354,"href":"https:\/\/weltreise.floni.eu\/index.php?rest_route=\/wp\/v2\/pages\/138\/revisions\/1354"}],"wp:attachment":[{"href":"https:\/\/weltreise.floni.eu\/index.php?rest_route=%2Fwp%2Fv2%2Fmedia&parent=138"}],"curies":[{"name":"wp","href":"https:\/\/api.w.org\/{rel}","templated":true}]}}